94970808?
0
What is the ten millions digit of 843006471?
4
What is the hundreds digit of 248105972?
9
What is the ten millions digit of 510545105?
1
What is the hundred millions digit of 117277366?
1
What is the thousands digit of 87048190?
8
What is the hundred millions digit of 1789323205?
7
What is the hundreds digit of 859154507?
5
What is the millions digit of 49864353?
9
What is the units digit of 3127723745?
5
What is the hundreds digit of 65656181?
1
What is the tens digit of 1362358346?
4
What is the millions digit of 29698004?
9
What is the millions digit of 15197360?
5
What is the tens digit of 334024329?
2
What is the units digit of 791285163?
3
What is the millions digit of 54253238?
4
What is the hundred millions digit of 1221275728?
2
What is the millions digit of 146797494?
6
What is the thousands digit of 49097098?
7
What is the hundreds digit of 341783519?
5
What is the thousands digit of 742504143?
4
What is the hundreds digit of 346808651?
6
What is the hundreds digit of 303214053?
0
What is the hundred millions digit of 1049327396?
0
What is the tens digit of 111733069?
6
What is the millions digit of 5248889634?
8
What is the ten millions digit of 324809367?
2
What is the hundred millions digit of 107032020?
1
What is the hundred thousands digit of 1510474878?
4
What is the hundreds digit of 42703628?
6
What is the hundred thousands digit of 89343799?
3
What is the hundred thousands digit of 70734149?
7
What is the millions digit of 527975561?
7
What is the ten millions digit of 4101673410?
0
What is the hundreds digit of 420401691?
6
What is the ten millions digit of 1448499538?
4
What is the hundred thousands digit of 313407130?
4
What is the units digit of 69093792?
2
What is the ten thousands digit of 3872746877?
4
What is the millions digit of 7404468242?
4
What is the hundreds digit of 106055101?
1
What is the tens digit of 2040083232?
3
What is the ten thousands digit of 23409329?
0
What is the units digit of 1858786483?
3
What is the millions digit of 128937589?
8
What is the hundred thousands digit of 158269013?
2
What is the hundred thousands digit of 21407312?
4
What is the ten thousands digit of 3368971483?
7
What is the ten thousands digit of 634551149?
5
What is the thousands digit of 1076407231?
7
What is the tens digit of 455115218?
1
What is the units digit of 479723274?
4
What is the hundreds digit of 163120433?
4
What is the hundred thousands digit of 2156467992?
4
What is the ten millions digit of 413364837?
1
What is the ten thousands digit of 19355857?
5
What is the tens digit of 943873493?
9
What is the ten thousands digit of 5854963?
5
What is the units digit of 99203577?
7
What is the thousands digit of 1921255350?
5
What is the tens digit of 163341197?
9
What is the hundreds digit of 328130447?
4
What is the ten millions digit of 402671807?
0
What is the thousands digit of 28597564?
7
What is the hundred thousands digit of 113957799?
9
What is the hundred thousands digit of 74191652?
1
What is the units digit of 245079523?
3
What is the ten thousands digit of 217573900?
7
What is the units digit of 317997574?
4
What is the ten millions digit of 404846622?
0
What is the thousands digit of 1820954296?
4
What is the millions digit of 1365773826?
5
What is the hundred thousands digit of 370808533?
8
What is the tens digit of 18728754?
5
What is the thousands digit of 55923233?
3
What is the hundred thousands digit of 137520651?
5
What is the millions digit of 259778392?
9
What is the units digit of 100952503?
3
What is the hundreds digit of 609444358?
3
What is the thousands digit of 2185369250?
9
What is the tens digit of 76369343?
4
What is the thousands digit of 354676372?
6
What is the units digit of 8471032?
2
What is the hundreds digit of 4989538?
5
What is the tens digit of 481062189?
8
What is the hundreds digit of 2749714624?
6
What is the thousands digit of 2177174686?
4
What is the billions digit of 1020906530?
1
What is the thousands digit of 218299473?
9
What is the units digit of 2376920409?
9
What is the ten thousands digit of 5529325189?
2
What is the units digit of 2074921709?
9
What is the thousands digit of 929097528?
7
What is the hundred millions digit of 404936896?
4
What is the ten thousands digit of 516353461?
5
What is the ten millions digit of 772549417?
7
What is the thousands digit of 467760564?
0
What is the thousands digit of 17066210?
6
What is the tens digit of 1217443287?
8
What is the thousands digit of 109988328?
8
What is the millions digit of 9388855?
9
What is the hundreds digit of 687565?
5
What is the units digit of 188263193?
3
What is the hundred thousands digit of 112346860?
3
What is the ten thousands digit of 398608658?
0
What is the hundred millions digit of 1773936261?
7
What is the ten millions digit of 104835253?
0
What is the thousands digit of 45183227?
3
What is the thousands digit of 208028767?
8
What is the tens digit of 263903411?
1
What is the thousands digit of 3927917279?
7
What is the hundred thousands digit of 279536584?
5
What is the hundred millions digit of 912679975?
9
What is the hundred thousands digit of 304035506?
0
What is the hundreds digit of 953597855?
8
What is the ten thousands digit of 7146599687?
9
What is the ten thousands digit of 112372827?
7
What is the hundreds digit of 1077431994?
9
What is the ten millions digit of 848946304?
4
What is the hundred thousands digit of 26425787?
4
What is the ten millions digit of 22559613?
2
What is the units digit of 59151802?
2
What is the millions digit of 8943688468?
3
What is the thousands digit of 19250098?
0
What is the hundreds digit of 71970067?
0
What is the hundreds digit of 125580329?
3
What is the millions digit of 57610415?
7
What is the ten thousands digit of 3985343892?
4
What is the ten millions digit of 922038224?
2
What is the ten thousands digit of 1094742198?
4
What is the tens digit of 111624730?
3
What is the ten millions digit of 248456965?
4
What is the tens digit of 28214105?
0
What is the tens digit of 125694462?
6
What is the hundred thousands digit of 881642084?
6
What is the hundred thousands digit of 2421429262?
4
What is the hundred millions digit of 1232897645?
2
What is the hundreds digit of 3548915006?
0
What is the ten thousands digit of 49242173?
4
What is the ten millions digit of 44915946?
4
What is the hundreds digit of 498011308?
3
What is the hundreds digit of 23030046?
0
What is the hundred thousands digit of 8666986?
6
What is the units digit of 2785076452?
2
What is the hundred millions digit of 379950179?
3
What is the hundred thousands digit of 3318197084?
1
What is the units digit of 127669560?
0
What is the hundred thousands digit of 47317707?
3
What is the millions digit of 3397871129?
7
What is the tens digit of 187725747?
4
What is the hundred thousands digit of 1473369307?
3
What is the hundred millions digit of 243983877?
2
What is the thousands digit of 204934998?
4
What is the ten thousands digit of 854274064?
7
What is the millions digit of 25559641?
5
What is the tens digit of 50520761?
6
What is the hundred thousands digit of 6329650562?
6
What is the units digit of 233609233?
3
What is the thousands digit of 1898483873?
3
What is the hundred thousands digit of 580396235?
3
What is the tens digit of 42548852?
5
What is the thousands digit of 52967016?
7
What is the ten millions digit of 723773491?
2
What is the thousands digit of 1774139034?
9
What is the ten thousands digit of 488864872?
6
What is the hundred thousands digit of 308716484?
7
What is the ten millions digit of 69888151?
6
What is the hundreds digit of 22220226?
2
What is the thousands digit of 1726789564?
9
What is the millions digit of 9078752?
9
What is the hundred thousands digit of 62287408?
2
What is the ten thousands digit of 61281604?
8
What is the ten millions digit of 43635350?
4
What is the thousands digit of 88505741?
5
What is the hundreds digit of 61526912?
9
What is the units digit of 121093839?
9
What is the millions digit of 383039754?
3
What is the hundred thousands digit of 10878060?
8
What is the thousands digit of 27191101?
1
What is the hundred thousands digit of 18042444?
0
What is the hundred thousands digit of 49882072?
8
What is the te